511?
-6547b
In base 14, what is -33ad + -2649?
-5a18
In base 6, what is -23132100320 + -2?
-23132100322
In base 10, what is -6003 - -2127?
-3876
In base 10, what is -5164 + -1423?
-6587
In base 6, what is -1313511 - 23?
-1313534
In base 12, what is -11059 - 5b8?
-11655
In base 8, what is 26346043 - 223?
26345620
In base 15, what is -79b2b2 - -2?
-79b2b0
In base 15, what is 3 + a504b?
a504e
In base 11, what is a1 + -39743?
-39652
In base 8, what is -66643 - 1150?
-70013
In base 11, what is 3 - 289769?
-289766
In base 13, what is a4b8a - -a?
a4b97
In base 7, what is 212321 - -4151?
216502
In base 6, what is -132303053 - 4?
-132303101
In base 6, what is -4234351040 + 0?
-4234351040
In base 10, what is 47 + -39957?
-39910
In base 5, what is 20031300243 + -3?
20031300240
In base 8, what is 530 + 267520?
270250
In base 14, what is 4a8996 + 1b?
4a89b3
In base 3, what is 10010012221 - -10112?
10010100110
In base 2, what is -100111010011 - -1100100101111?
111101011100
In base 15, what is -5 + -122838?
-12283d
In base 15, what is -257b - 2508?
-4a84
In base 15, what is 2 - -a8717?
a8719
In base 14, what is 64c - a0?
58c
In base 3, what is -201002221 - 1002121?
-202012112
In base 14, what is -247 + 582cc?
58085
In base 9, what is -3 + 2352226?
2352223
In base 12, what is -26 + 1b480?
1b456
In base 6, what is 14314354 - -35?
14314433
In base 10, what is -37570 + 435?
-37135
In base 7, what is 5 + -11234243?
-11234235
In base 7, what is -256 - 2152665?
-2153254
In base 9, what is -241 - 10505430?
-10505671
In base 10, what is -1130 - -17986?
16856
In base 5, what is 101120044311 - -2?
101120044313
In base 8, what is 4645 - 12706?
-6041
In base 16, what is 0 + -e969fb?
-e969fb
In base 14, what is -6bd3 + 363?
-6870
In base 10, what is 187 + 690789?
690976
In base 8, what is 230157 + -151?
230006
In base 14, what is -26d + 520b6?
51c47
In base 13, what is 1943 - -6b5a8?
7021b
In base 10, what is -186 + -226246?
-226432
In base 2, what is -101100101110101100010 + 100?
-101100101110101011110
In base 15, what is 13275b2e + 3?
13275b32
In base 5, what is -2 - 14044320?
-14044322
In base 3, what is 221201120021 + -112?
221201112202
In base 6, what is 4344 - 142425?
-134041
In base 8, what is -1 + -37121255?
-37121256
In base 16, what is 141a3 + 565?
14708
In base 10, what is 2 - -16295328?
16295330
In base 7, what is -4302331 - -23?
-4302305
In base 2, what is -1000111000101000000 - -110001010?
-1000110111110110110
In base 3, what is -1201 - 211011122012?
-211011200220
In base 5, what is 330 - 113331321?
-113330441
In base 7, what is -525 + -364005?
-364533
In base 11, what is 4 + 42a28938?
42a28941
In base 10, what is -5 - -8343925?
8343920
In base 7, what is -63613 - 5222?
-102135
In base 16, what is -4e7e - -8bd?
-45c1
In base 6, what is -13243205 - 124?
-13243333
In base 15, what is 5 + 18d790a?
18d7910
In base 6, what is -5314433442 - 0?
-5314433442
In base 9, what is -14 - -3808050?
3808035
In base 3, what is -100102120000212 + 0?
-100102120000212
In base 10, what is 81 + 14022?
14103
In base 14, what is -3b56 + -2765?
-64bb
In base 12, what is -5 + 370a745?
370a740
In base 15, what is a7c + a5a1?
b12d
In base 7, what is 42562 + -1054?
41505
In base 12, what is 8279 - 28a?
7bab
In base 6, what is 30 + 4150015?
4150045
In base 13, what is -91ac1 + -1123?
-92c14
In base 5, what is -104211213 + 12?
-104211201
In base 8, what is 15341020 - 5?
15341013
In base 2, what is 101011010001100111 + -110?
101011010001100001
In base 7, what is -214465153 - -4?
-214465146
In base 10, what is -389909 - 303?
-390212
In base 2, what is -111001001101 + 1100010001?
-101100111100
In base 2, what is -10010100001 - 10011110?
-10100111111
In base 6, what is 1144 - 35311042?
-35305454
In base 7, what is -2241520 + 316?
-2241201
In base 12, what is -2 + 1692b7a7?
1692b7a5
In base 15, what is -2786 + -d1?
-2867
In base 7, what is 4 + 12542414?
12542421
In base 16, what is 27a3e - 8?
27a36
In base 15, what is -b8 - c5cd9?
-c5da2
In base 15, what is 70 + -9d61?
-9ce1
In base 9, what is -355400 + 87?
-355302
In base 13, what is c0000 - 343?
bc98a
In base 13, what is 16b + -118958?
-1187ba
In base 2, what is 1111 + 1010110000101100111?
1010110000101110110
In base 12, what is 34b15 + 20b?
35124
In base 4, what is -22221300210 - -230?
-22221233320
In base 15, what is 1a70eae2 - -3?
1a70eae5
In base 3, what is 10011020102 - -2112?
10011022221
In base 8, what is 0 - -2247457?
2247457
In base 11, what is -102 + 35647?
35545
In base 14, what is 4 - 513ad6?
-513ad2
In base 16, what is 12deba4 + 4?
12deba8
In base 16, what is -14e1 + -29a5?
-3e86
In base 3, what is -101101122212102002 + -11?
-101101122212102020
In base 15, what is 1825406 - -1?
1825407
In base 3, what is -22012011211 - 11111211?
-22100200122
In base 2, what is 1010101101010000 - -10111110101?
1011000101000101
In base 7, what is -1210022 + -6?
-1210031
In base 15, what is 1b8 + 21b2e?
21ce7
In base 16, what is 484629 + 17?
484640
In base 11, what is 3 - -5098a834?
5098a837
In base 6, what is -144 - -14454235?
14454051
In base 5, what is -1031 - 12220301?
-12221332
In base 4, what is -3113 - -11313101?
11303322
In base 15, what is 10e - 4ce56?
-4cd47
In base 5, what is -4422221221 - 30?
-4422221301
In base 15, what is d74e4 - 1?
d74e3
In base 8, what is -442622370 - -1?
-442622367
In base 14, what is ccbd1 + c1?
cccb2
In base 16, what is -292f53 + -183?
-2930d6
In base 15, what is 30d62 + 5?
30d67
In base 14, what is -5b0858 - 1?
-5b0859
In base 9, what is 232 + 26683?
27025
In base 4, what is 2112013030301 + 0?
2112013030301
In base 6, what is -5 - -112415511?
112415502
In base 14, what is 4 - -cc2992c?
cc29932
In base 8, what is 15 - -16626217?
16626234
In base 10, what is -2956964 - 56?
-2957020
In base 12, what is 1 + 7a1219?
7a121a
In base 5, what is 212013 - -3414?
220432
In base 7, what is 46340 + -545550?
-466210
In base 16, what is -297 + -7b71?
-7e08
In base 12, what is 5b1521 + -17?
5b1506
In base 7, what is -2535653 - 433?
-2536416
In base 10, what is -224247 + -43?
-224290
In base 13, what is 369 - -116?
482
In base 5, what is -2301243 + -40143?
-2341441
In base 16, what is 39 + 7b65?
7b9e
In base 5, what is -22121 + -1130?
-23301
In base 12, what is -62140 + 12a0?
-60a60
In base 16, what is -26 + -208287?
-2082ad
In base 16, what is c086a - 3e7?
c0483
In base 4, what is 1110210 + 111211032?
112321302
In base 11, what is -5 - -305156a?
3051565
In base 16, what is d904 + 18f6?
f1fa
In base 13, what is -51 + 153b7b9?
153b768
In base 2, what is -1001101 - -10000101110111001111?
10000101110110000010
In base 8, what is -3150320 - 1?
-3150321
In base 3, what is -10 + -1120001200122120?
-1120001200122200
In base 14, what is 1b + 35?
52
In base 15, what is 4 - 89d4903?
-89d48ee
In base 15, what is -222e28 - 15?
-222e3d
In base 3, what is 1000010201000010 - 100?
1000010200222210
In base 11, what is -130261 - -47?
-130215
In base 7, what is 562 - -1231106?
1232001
In base 12, what is -5607b7 - 374?
-560b6b
In base 12, what is 3 + 58bb769?
58bb770
In base 9, what is -23311013 - 5?
-23311018
In base 2, what is -10101011101011001100000 - -100?
-10101011101011001011100
In base 10, what is -45767 - -1344?
-44423
In base 5, what is -2 + -11441420443?
-11441421000
In base 3, what is -200202000011 + -222?
-200202001010
In base 9, what is -1 - 41834124?
-41834125
In base 11, what is a + 88657?
88666
In base 8, what is -143600160 - -3?
-143600155
In base 8, what is -3421 + -1043757?
-1047400
In base 16, what is 615de38 + -5?
615de33
In base 14, what is -d4d73 + -10b?
-d5080
In base 3, what is 12021 - -111021111121?
111021200212
In base 11, what is -725a77371 + -2?
-725a77373
In base 8, what is -60745765 + -5?
-60745772
In base 6, what is -23 + -4523311?
-4523334
In base 7, what is 221566554 + 10?
221566564
In base 4, what is -22220 - -301023021?
301000201
In base 14, what is -5 + 2b1dc87?
2b1dc82
In base 11, what is -302595 - -1?
-302594
In base 5, what is -44012 - -43021?
-441
In base 14, what is 1c0103 + 3?
1c0106
In base 10, what is 4 - -11146464?
11146468
In base 8, what is 113672130 - 3?
113672125
In base 3, what is 21 + 11110220100112110?
11110220100112201
In base 5, what is -322314340131 + 10?
-322314340121
In base 12, what i